n base 15?
-1337a
What is -81eb4 (base 15) in base 7?
-3333163
What is -33534102 (base 6) in base 2?
-11111001110111010110
605524 (base 7) to base 16
191a4
What is -193a06 (base 11) in base 10?
-298029
36a3a (base 11) to base 12
26922
Convert 254952 (base 10) to base 7.
2111205
335424 (base 7) to base 15
129a3
What is -10001000001101010011 (base 2) in base 13?
-166c2c
What is 10350150 (base 7) in base 5?
211323203
1b04a1 (base 12) to base 13
139525
Convert 418972 (base 11) to base 5.
132430121
Convert 2e453 (base 15) to base 7.
1161540
-16133 (base 15) to base 11
-49500
69415 (base 11) to base 6
2052245
2021233021 (base 4) to base 12
2325a1
Convert d116b5 (base 15) to base 5.
10020134040
What is -399200 (base 13) in base 12?
-570bbb
4a0c0a (base 16) to base 6
252002230
-42d12a (base 16) to base 15
-5b76d2
Convert -640806 (base 10) to base 15.
-c9d06
-349d3 (base 15) to base 5
-20330343
What is -378a8 (base 11) in base 14?
-15b26
Convert 251bb (base 13) to base 4.
100231032
Convert -5841 (base 9) to base 13.
-1c81
Convert -108885 (base 10) to base 5.
-11441020
What is -1735744 (base 9) in base 7?
-11143153
1309b (base 16) to base 10
77979
What is -586c96 (base 14) in base 15?
-3e86b6
What is -107a36 (base 16) in base 7?
-12115200
Convert 846223 (base 12) to base 15.
2b2873
Convert -261825 (base 16) to base 3.
-11200211121210
What is 4730784 (base 9) in base 15?
35853d
-5397940 (base 10) to base 4
-110211312310
5083707 (base 9) to base 16
296386
Convert 66636 (base 12) to base 10.
135690
Convert 33203031221 (base 4) to base 9.
7602675
Convert -133303111 (base 6) to base 4.
-22033020103
What is 110210212200110 (base 3) in base 2?
11001111110000101011100
1141643 (base 7) to base 12
6b908
Convert -1575481 (base 9) to base 8.
-3260157
-1aa20a2 (base 12) to base 13
-1240964
What is -102330103 (base 6) in base 4?
-12313133313
What is -1054910 (base 11) in base 3?
-10111001100121
Convert 1006859 (base 11) to base 8.
6625543
-23b39 (base 14) to base 11
-5a628
-4348174 (base 9) to base 4
-20322012133
Convert -1011143 (base 7) to base 10.
-120473
What is 22122213321 (base 4) in base 15?
38e079
Convert -768658 (base 10) to base 15.
-102b3d
Convert 23041 (base 13) to base 10.
63766
12803260 (base 9) to base 7
104503353
Convert 116640435 (base 7) to base 4.
130033311222
Convert -40035542 (base 6) to base 12.
-462bb2
21013003 (base 4) to base 16
91c3
-30ea4 (base 16) to base 15
-3e571
What is -2744435 (base 9) in base 12?
-607465
Convert -71240 (base 8) to base 6.
-343504
-2ab79a (base 15) to base 3
-10212212001201
-1230410 (base 8) to base 3
-122021201012
What is cbb346 (base 14) in base 4?
122112112202
3104030 (base 5) to base 3
2120021221
Convert -ac2060 (base 15) to base 8.
-37237332
-18d8036 (base 15) to base 16
-114f591
What is 100112120110101 (base 3) in base 6?
300355144
23dab5 (base 15) to base 8
6431270
Convert -53545 (base 16) to base 2.
-1010011010101000101
Convert 275494 (base 14) to base 11.
849201
What is 17a34 (base 16) in base 9?
156727
What is 13122313 (base 4) in base 5?
1433031
What is 3761253 (base 8) in base 10?
1041067
Convert 246733 (base 8) to base 12.
41563
-20412 (base 10) to base 7
-113340
Convert -1d1f3e (base 16) to base 12.
-780592
-255155 (base 8) to base 9
-144578
Convert 5c4c64 (base 13) to base 9.
4137611
What is -1340313344 (base 5) in base 4?
-31021302212
What is 2100306 (base 7) in base 10?
252258
-23351151 (base 8) to base 12
-185b575
Convert 2411541 (base 7) to base 16.
4a988
What is -111100112200001 (base 3) in base 10?
-7096573
Convert 450a1 (base 12) to base 11.
62999
1111222210202 (base 3) to base 7
6600236
-12a29f (base 16) to base 11
-764624
What is -118460 (base 10) in base 15?
-25175
-10000120210 (base 3) to base 6
-1135203
What is 11620022 (base 8) in base 7?
30536360
-31148 (base 11) to base 4
-23011303
-1a5b2a (base 15) to base 14
-25642b
Convert 57403 (base 13) to base 2.
100110110010001111
-1112211110 (base 3) to base 11
-20a03
Convert -1110000110100110110001 (base 2) to base 3.
-20221211102122
10053583 (base 9) to base 8
22303011
Convert 1211233302 (base 4) to base 13.
117900
What is -23023404 (base 7) in base 3?
-10202220210200
Convert -2031302 (base 6) to base 11.
-67300
1642332 (base 9) to base 14
19adad
Convert aa940 (base 11) to base 13.
582a4
Convert 162982 (base 13) to base 16.
85f48
144103211 (base 5) to base 6
24253005
What is -298c (base 14) in base 3?
-101010012
What is 6193e (base 15) in base 16?
4b7d9
Convert 9707317 (base 10) to base 12.
33017b1
479779 (base 14) to base 3
11121021210210
What is -1020210000001 (base 3) in base 4?
-2202110101
6a514 (base 14) to base 6
5314434
What is -a017b (base 12) in base 13?
-73652
Convert -82329 (base 11) to base 13.
-4291c
-1463430 (base 7) to base 15
-3e639
What is -19a8aa (base 15) in base 8?
-4612626
What is -a9a61 (base 12) in base 5?
-24140200
What is -71131 (base 9) in base 7?
-253225
Convert 34a1863 (base 13) to base 4.
332000131313
What is -6446516 (base 7) in base 13?
-21642b
Convert 2745140 (base 8) to base 5.
144211304
1123200020 (base 4) to base 5
43443132
271784 (base 11) to base 7
3425326
What is 283407 (base 9) in base 2?
101010010000110000
-57c003 (base 16) to base 10
-5750787
Convert 1313823 (base 9) to base 14.
149941
100211212201022 (base 3) to base 14
9a325d
Convert 754a02 (base 13) to base 9.
5154441
Convert 14014232 (base 5) to base 15.
2c047
311041441 (base 5) to base 4
10311222103
40911 (base 15) to base 8
617375
Convert -120602230 (base 7) to base 6.
-425012514
Convert -62acdc (base 15) to base 6.
-244340113
What is -119805 (base 11) in base 6?
-4013204
What is -111112131203 (base 4) in base 15?
-7585a2
-1406002 (base 9) to base 12
-312925
Convert 2762668 (base 9) to base 6.
52305525
What is 616416 (base 7) in base 3?
12100201210
-13ab51 (base 13) to base 2
-1110101011001100111
What is -1243404004 (base 5) in base 9?
-5754588
Convert -15a12 (base 13) to base 10.
-41251
-2223901 (base 10) to base 4
-20132330131
What is 101110110100000010001 (base 2) in base 3?
2212221012200
257238 (base 10) to base 15
51343
105151222 (base 6) to base 4
13112210132
Convert -2229054 (base 12) to base 4.
-120321130000
100110010011110101001 (base 2) to base 9
2322888
What is e9ad0 (base 15) in base 6?
23521110
Convert 623bb3 (base 12) to base 6.
53011543
What is -1605230 (base 7) in base 16?
-35ca5
What is 1a6182 (base 11) in base 6?
10433214
Convert 1145664 (base 8) to base 5.
40024132
Convert 1021221301 (base 4) to base 11.
196726
Convert 12022022211122 (base 3) to base 13.
77a0c8
10100211200 (base 3) to base 6
1230330
Convert 29743 (base 11) to base 16.
a4ab
Convert -58628 (base 15) to base 11.
-182561
What is 2433043031 (base 5) in base 2?
10101111100100000111011
Convert -e494f (base 16) to base 6.
-32022331
Convert -372877 (base 9) to base 6.
-4454454
What is 33103a8 (base 13) in base 3?
1002101202102121
-2231301 (base 10) to base 3
-11012100202210
-20010000221 (base 3) to base 2
-11101010111110110
Convert 809c29 (base 14) to base 10.
4329677
-1566521 (base 8) to base 14
-bb625
What is 202040 (base 8) in base 16?
10420
-11205315 (base 7) to base 16
-ee728
Convert 9b9755 (base 12) to base 6.
125124545
899124 (base 10) to base 11
564586
Convert -43150023 (base 7) to base 16.
-38172c
What is -496049 (base 14) in base 13?
-6a0126
Convert 1103451 (base 9) to base 5.
122434142
What is 24b737 (base 13) in base 9?
1584161
15abcb5 (base 13) to base 14
d013d1
4627702 (base 9) to base 8
11420444
Convert 6425 (base 16) to base 10.
25637
Convert -626525 (base 8) to base 4.
-302311111
Convert -220070 (base 10) to base 6.
-4414502
-145447 (base 11) to base 7
-1633145
What is 133401354 (base 7) in base 6?
505310410
What is -208707 (base 11) in base 2?
-1010001011100100100
What is 6d1384 (base 15) in base 14?
99bb37
cbb3a (base 13) to base 4
1122002213
Convert 11001110010010001010 (base 2) to base 13.
237783
What is -1101111110011000 (base 2) in base 6?
-1121000
-3a8921 (base 12) to base 7
-11144035
Convert -101211111112 (base 3) to base 13.
-76097
What is 645b5 (base 14) in base 5?
30230421
-1427294 (base 10) to base 5
-331133134
Convert 10007 (base 12) to base 9.
31407
What is -2668336 (base 10) in base 2?
-1010001011011100110000
What is 2869 (base 12) in b